s b(22)?
0
Let z(w) = w**2 - 31*w - 140. Give z(35).
0
Let t(p) = -4*p - 21. What is t(6)?
-45
Let z(n) = n**3 - 8*n**2 + 14*n - 42. What is z(7)?
7
Let s(f) = -f**2 + 3*f + 2. What is s(3)?
2
Let h(n) = -n**3 + 13*n**2 + 29*n + 13. Calculate h(15).
-2
Let q(r) = r**2 + 17*r - 20. What is q(-18)?
-2
Let y(l) = -l**3 + 12*l**2 + l + 2. Calculate y(12).
14
Let d(w) = w - 3. Give d(7).
4
Let g(x) = -4*x - 22. Calculate g(-10).
18
Let r(u) = -u**3 - 5*u**2 + 6*u - 7. Give r(-5).
-37
Let z(h) = -h**3 + h**2 + 77*h + 28. Give z(-8).
-12
Let b(u) = u**2 - 3*u - 3. Give b(0).
-3
Let g(q) = q**3 + 11*q**2 + 5*q - 15. Determine g(-11).
-70
Let c(i) = i**2 - i - 6. Determine c(3).
0
Let o(x) = x - 19. Give o(12).
-7
Let n(u) = 6*u + 106. Determine n(-19).
-8
Let p(b) = -7*b - 60. Give p(-9).
3
Let y(n) = 5*n + 59. Calculate y(-12).
-1
Let a(h) = -h**2 - 5*h - 9. Determine a(-6).
-15
Let q(a) = a - 8. Calculate q(0).
-8
Let d(p) = 6*p - 106. Determine d(18).
2
Let c(i) = -5*i + 27. Calculate c(6).
-3
Let p(o) = o**3 - 12*o**2 + 21*o - 15. Calculate p(10).
-5
Let f(r) = -2*r + 7. Give f(3).
1
Let b(a) = a**3 - 8*a**2 + 8*a - 6. Give b(7).
1
Let k(b) = -2*b**2 - 3*b + 10. Give k(-4).
-10
Let a(c) = 4*c + 125. What is a(-35)?
-15
Let d(q) = 10*q**2 + 3*q + 1. Determine d(-1).
8
Let g(l) = 39*l**3 + l**2 - 1. Calculate g(-1).
-39
Let o(h) = -h**2 - 9*h - 16. Determine o(-5).
4
Let j(x) = -x**3 - 7*x**2 + 11*x - 11. Calculate j(-9).
52
Let u(i) = i**3 - 6*i**2 - 2*i - 30. Give u(7).
5
Let g(n) = n**2 - 26. Give g(6).
10
Let v(z) = 22*z - 174. Determine v(8).
2
Let o(v) = -2*v**3 + 4*v**2 + 2*v - 3. Determine o(3).
-15
Let m(l) = l**2 + 2*l - 8. Give m(5).
27
Let j(l) = l**3 - 3*l**2 - 94*l - 45. Calculate j(-8).
3
Let x(z) = 9*z**3 - 2*z**2 - z + 1. Calculate x(-2).
-77
Let v(m) = m**2 + 18*m + 37. Calculate v(-15).
-8
Let g(a) = -a**2 + 8*a - 3. Calculate g(3).
12
Let q(f) = -7*f**2 - 8*f + 14. Give q(3).
-73
Let b(n) = -64*n + 556. Determine b(9).
-20
Let q(k) = k**3 + 14*k**2 - 13*k + 8. Give q(-15).
-22
Let m(w) = w**3 + w**2 + w - 3. Determine m(-2).
-9
Let w(u) = 6*u**2 - 63*u - 20. Give w(11).
13
Let v(g) = g**3 - 9*g**2 - 12*g + 25. Give v(10).
5
Let g(i) = -2*i**3 + 16*i**2 + 9*i - 29. What is g(8)?
43
Let a(p) = p**3 + 6*p**2 - 4*p - 26. Determine a(-6).
-2
Let c(x) = -x**2 - 7*x - 2. Give c(-7).
-2
Let r(p) = 10*p + 132. Give r(-12).
12
Let v(p) = p**2 - 6*p - 59. Determine v(12).
13
Let s(v) = 10*v + 17. What is s(-1)?
7
Let j(h) = h**3 - 15*h**2 + 36*h + 6. Calculate j(12).
6
Let y(h) = -h**2 - 36*h - 303. What is y(-13)?
-4
Let g(p) = -9*p - 23. Determine g(-3).
4
Let b(o) = -3*o**2 - 2*o + 81. Determine b(0).
81
Let i(l) = l**2 + 4*l + 9. Give i(-7).
30
Let f(v) = -v**3 + 10*v**2 + v - 6. Determine f(10).
4
Let j(m) = 17*m + 123. Calculate j(-7).
4
Let a(r) = r**3 + 7*r**2 - 4*r + 4. Give a(-7).
32
Let f(c) = 2*c + 7. Determine f(0).
7
Let i(x) = -2*x**2 - 16*x - 5. What is i(-8)?
-5
Let d(g) = 22*g + 3. Determine d(-2).
-41
Let d(i) = -i**2 + 2*i + 3. Calculate d(5).
-12
Let q(p) = -p**3 - 5*p**2 + p + 1. Give q(-7).
92
Let z(x) = -3*x - 35. Calculate z(-14).
7
Let j(i) = 82*i + 2711. What is j(-33)?
5
Let u(i) = -17*i - 776. Determine u(-45).
-11
Let i(y) = -10*y + 35. Determine i(2).
15
Let d(s) = -s - 3. Give d(4).
-7
Let l(a) = 2*a**3 + 44*a**2 + 40*a - 50. What is l(-21)?
-8
Let s(x) = -x - 83. Calculate s(10).
-93
Let h(q) = 10*q**2 + 10*q + 17. What is h(-2)?
37
Let f(m) = 2*m**2 - 12*m + 1. Calculate f(5).
-9
Let c(h) = -h**2 - 20*h - 39. Determine c(-18).
-3
Let z(s) = -s**3 - 7*s**2 - 6*s - 4. Give z(-5).
-24
Let a(j) = 58*j + 100. Give a(-2).
-16
Let s(l) = 18*l + 83. Give s(-5).
-7
Let b(c) = 7*c**2 - 71*c - 2. Give b(11).
64
Let b(f) = -8*f - 4. What is b(-3)?
20
Let f(p) = -9*p**2 - 51*p - 5. What is f(-5)?
25
Let g(n) = -8*n - 324. Calculate g(-42).
12
Let y(o) = 2*o**2 + 3*o - 4. Give y(-3).
5
Let a(v) = -3*v + 10. Determine a(-7).
31
Let f(u) = -u**2 - 2*u + 1. What is f(3)?
-14
Let v(n) = 12*n + 1. What is v(-1)?
-11
Let u(f) = 3*f + 2. Give u(-4).
-10
Let j(n) = -n**3 - 4*n**2 + 11*n + 24. What is j(-5)?
-6
Let n(m) = -m**3 - 2*m**2 + 11*m + 1. Give n(3).
-11
Let n(t) = -t**2 + 5*t - 3. Calculate n(4).
1
Let w(f) = -f**3 + 7*f**2 + 5. Calculate w(5).
55
Let d(s) = -10*s - 1. What is d(3)?
-31
Let g(q) = -8*q - 82. What is g(-16)?
46
Let l(t) = -3*t**2 - 39*t + 42. Calculate l(-14).
0
Let k(d) = -52*d + 211. Give k(4).
3
Let y(v) = -2*v**3 - 24*v**2 - 20*v + 25. What is y(-11)?
3
Let n(s) = -9*s**2 - 2*s + 1. Calculate n(-1).
-6
Let b(j) = 7*j - 3. Calculate b(1).
4
Let b(o) = -2*o**2 - 5*o - 25. Calculate b(-10).
-175
Let r(o) = 4*o + 56. Give r(-16).
-8
Let r(s) = s - 41. Determine r(37).
-4
Let r(q) = -20*q. Calculate r(2).
-40
Let o(s) = -319*s + 961. Calculate o(3).
4
Let n(b) = b**2 - 2*b - 10. Determine n(0).
-10
Let v(f) = -2*f**2 + f - 1. Determine v(1).
-2
Let x(m) = -m**3 - 6*m**2 + m - 4. Give x(-5).
-34
Let i(c) = c**3 - 4*c**2 - 2*c - 17. Calculate i(5).
-2
Let u(c) = -c**3 - 9*c**2 - 16*c + 15. Calculate u(-6).
3
Let k(d) = -2*d**3 - 29*d**2 + 17*d + 28. Give k(-15).
-2
Let h(p) = -p**3 + 6*p**2 + 9*p - 6. Determine h(7).
8
Let p(k) = -2*k**3 - 5*k**2 + 1. What is p(-4)?
49
Let p(r) = -r + 1. What is p(9)?
-8
Let h(b) = b**3 - 6*b**2 + 28*b - 76. What is h(4)?
4
Let v(s) = -2*s + 39. Give v(18).
3
Let s(z) = -z**3 - 6*z**2 - 4*z. Give s(-5).
-5
Let l(f) = -10*f**2 + 23*f - 2. Calculate l(1).
11
Let n(d) = 7*d**2 + 4. Determine n(2).
32
Let z(u) = -2*u - 5. Determine z(-2).
-1
Let z(q) = q**3 + 2*q**2 - 5*q + 5. Determine z(2).
11
Let q(l) = -7*l - 45. Determine q(-9).
18
Let c(m) = -2*m + 3. What is c(8)?
-13
Let a(x) = -22*x - 428. Determine a(-19).
-10
Let u(m) = m**3 + 3*m**2 + 4. Give u(3).
58
Let p(b) = -12*b. Calculate p(-1).
12
Let q(z) = z**2 + 28*z + 127. Determine q(-22).
-5
Let y(n) = -n**3 + 9*n**2 + 4*n - 16. Give y(7).
110
Let u(x) = -10*x**2 + 44*x - 3. Calculate u(2).
45
Let m(r) = 16*r - 2. Give m(1).
14
Let s(x) = x**3 - 6*x**2 - 7*x + 2. Determine s(6).
-40
Let d(y) = -2*y + 3. Calculate d(5).
-7
Let b(g) = -10*g - 70. Give b(-8).
10
Let u(h) = -6*h**3 - h**2 + h - 1. Determine u(1).
-7
Let p(c) = -c**3 - 18*c**2 - 29*c + 37. What is p(-16)?
-11
Let l(d) = -13*d - 26. What is l(4)?
-78
Let m(t) = 60*t**2 + 64*t. Give m(-1).
-4
Let t(x) = -x**3 - 13*x**2 - 13*x - 6. Give t(-12).
6
Let z(y) = -84*y**2 - 2*y + 2. Determine z(1).
-84
Let a(z) = z**3 + 8*z**2 + 6*z + 5. Give a(-7).
12
Let n(c) = -c - 3. Calculate n(2).
-5
Let o(b) = b**3 + 7*b**2 - 5*b + 9. Determine o(-7).
44
Let y(l) = l**3 - 14*l**2 - 49*l - 24. Determine y(17).
10
Let d(w) = w**3 - w**2 - 13*w - 2. What is d(-3)?
1
Let s(b) = b**3 + 5*b**2 - 10*b - 18. What is s(-6)?
6
Let o(u) = 10*u - 1. What is o(-5)?
-51
Let v(k) = k**3 + 11*k**2 - k - 12. Give v(-11).
-1
Let r(v) = v**3 - 14*v**2 - 2*v + 11. Calculate r(14).
-17
Let y(i) = -69*i - 10. Calculate y(0).
-10
Let g(w) = w**2 + w - 3. Determine g(-3).
3
Let d(h) = 6*h + 10. Determine d(3).
28
Let f(o) = o**3 - 10*o**2 - 10*o - 1. Give f(11).
10
Let k(z) = z - 5. What is k(-2)?
-7
Let t(m) = 25*m + 123. Give t(-5).
-2
Let y(j) = 3*j + 32. What is y(13)?
71
Let p(w) = -w**3 + 6*w**2 + 6*w + 16. What is p(7)?
9
Let z(k) = k**3 + 22*k**2 - 26*k - 34. Determine z(-23).
35
Let r(t) = -t - 12. Give r(-6).
-6
Let k(w) = 2*w + 22. What is k(-13)?
-4
Let w(h) = h**3 - 7*h**2 + 10*h + 1. What is w(4)?
-7
Let b(f) = -f + 5. Determine b(12).
-7
Let x(z) = -z**2 + z + 7. Calculate x(2).
5
Let m(y) = -y**2 - 17*y - 10. Determine m(-7).
60
Let n(j) = 4*j + 32. Calculate n(-7).
4
Let x(c) = -c**3 + 5*c**2 + 10*c - 18. Calculate x(6).
6
Let g(v) = -v**3 + 19*v**2 - 13*v - 109. Calculate g(18).
-19
Let m(k) = k**3 + 2*k**2 + k + 2. Determine m(0).
2
Let r(u) = -2*u**2 - 5*u - 4. Calculate r(9).
-211
Let y(a) = a - 14. What is y(-12)?
-26
Let s(n) = 9*n - 307. What is s(33)?
-10
Let n(a) = -4*a + 10. Give n(9).
-26
Let z(w) = -w**3 + 16*w**2 + 21. Calculate z(16).
21
Let n(l) = 12*l**3 + 2*l**2 - 1. Give n(-1).
-11
Let a(w) = -w**3 - 14*w**2 - 14*w - 27. What is a(-13)?
-14
Let l(z) = -z**2 - 4*z - 1. Determine l(3).
-22
Let u(z) = z**3 + 8*z**2 - 9*z + 7. Give u(-9).
7
Let h(k) = 2*k**2 - 8*k